. Calculate the highest common factor of x and 25.
5
Let h = 33 - 7. Let a be 20/((-8)/(-98)*(-7)/(-18)). Let s be (1*3)/(a/104 - 6). Calculate the greatest common factor of s and h.
26
Suppose -3782*u + 3771*u + 7524 = 0. Let l(r) = -r**3 + 8*r**2 + 9*r + 4. Let g be l(8). What is the highest common factor of u and g?
76
Let j be 12*(-4)/(8/(-41)). Let l = 334 - j. Calculate the highest common factor of l and 24.
8
Suppose z = 3*l + 342, 4*z + 10*l - 5*l - 1368 = 0. Let a(x) = -8*x**3 + 111*x**2 + 15*x + 4. Let k be a(14). What is the greatest common divisor of k and z?
18
Let a(c) = 4*c - 28. Let m be a(8). Let t be m*-2*11/(-44). Suppose t*i - 4*i + 456 = 0. What is the highest common factor of i and 38?
38
Suppose 0 = -4*r + 317 + 5659. Let y = 139932 - 139914. What is the highest common factor of r and y?
18
Suppose -258*d + 262*d - 7000 = 2*y, -5*y - 10 = 0. Calculate the greatest common divisor of 297 and d.
33
Let p be 882/91 + (-12)/(-39). Suppose 2*l - 245 = -5*n + 5, 3*l = 5*n - 250. What is the greatest common factor of n and p?
10
Let p be 2*16 - (20 - 11). What is the highest common divisor of 2 and p?
1
Let d be (-48)/(-44)*236862/27 - (-10)/(-55). What is the greatest common divisor of 60 and d?
30
Suppose 3*p + c + 40 - 110 = 0, 5*p = 5*c + 110. Suppose -50*x + p*x = -4752. Calculate the highest common factor of 33 and x.
11
Let u be 91312/702 + (-312)/(-162) + -2. Let j be 9/(5 + -2) - 51. Let t = -22 - j. What is the greatest common factor of t and u?
26
Suppose 602*h - 145625 = -8219 + 166002. What is the highest common divisor of 4473 and h?
63
Suppose -3*t + 4*x = -7, -4*x + 4 = -2*x. Suppose -5*a - t*f + 113 = -72, a = 2*f + 25. Let n = -36 + 80. Calculate the greatest common divisor of n and a.
11
Let m be (1/13 + (-5192)/572 - -4)*-4. Let l = 20 - 10. What is the highest common factor of m and l?
10
Let q = 30 - 11. Suppose -q = -2*x - 9. Suppose -4*s - 4*o = -164, 4*o - o - 3 = 0. Calculate the highest common divisor of x and s.
5
Suppose 8*p - 11*p + 15 = 0. Let w(k) = 4*k - 17. Let v be w(p). Suppose v*h - h = 42. What is the highest common divisor of h and 63?
21
Let k = 3527 + -3219. What is the greatest common divisor of k and 392?
28
Suppose 58 + 6 = -2*h. Let v = h - -36. Suppose 52*l = 48*l + v. Calculate the greatest common divisor of 11 and l.
1
Suppose -19*l = 152 + 76. Let k be ((-32)/(-12))/(-4*1/l). Calculate the greatest common divisor of k and 32.
8
Let v be ((-18)/51)/(-3) - 32576/(-544). Let k be 18/(-8) + 2 + 15315/v. What is the greatest common divisor of 15 and k?
15
Let d be 4257/55*2*((-174)/(-12) + -2). Calculate the highest common factor of d and 60.
15
Let q(n) = -51*n + 25. Let i(h) = -25*h + 325. Let g be i(14). Let o be q(g). What is the greatest common divisor of o and 25?
25
Let p be (171/(-18) - -8)*(-8)/3. What is the greatest common factor of 636 and p?
4
Let f be (24/18)/(-4)*(-43 + -2). What is the greatest common factor of f and 4815?
15
Let d = -19994 + 19997. Calculate the greatest common factor of d and 4989.
3
Suppose 10*q - 32 = -6*q. Suppose -5*n + q*o + 2*o = -3160, 4*n = -5*o + 2528. Calculate the highest common factor of 8 and n.
8
Let y(n) = -2*n**2 + 20*n + 1. Let f be y(6). Suppose -13*r + 45 + 592 = 0. Calculate the greatest common divisor of r and f.
49
Let t = -50 - -104. Let w = -766 - -901. Calculate the highest common factor of w and t.
27
Suppose -2*l = -4*w - 4, -103*l + 107*l + 2*w = 78. Calculate the greatest common factor of l and 19472.
16
Suppose -58*w + 101*w - 1419 = 0. What is the greatest common divisor of w and 132?
33
Let b(g) = 3*g**2 - 14*g**3 + 13*g**3 - 36 - 3*g + 4 + 9*g**2. Let p be b(11). What is the highest common factor of 224 and p?
56
Let f be 3 + (-5)/3 + (-3353664)/36. Let n be (-2)/(-13) - f/182. Calculate the highest common factor of n and 8.
8
Suppose 3*t = 2*h - 448, -7*h + 4*t + 1008 = -612. What is the highest common factor of h and 4?
4
Let s be ((-1440)/(-220))/(5598/396 - 14). Let k(h) = 2*h**3 - 3*h**2 - 3*h - 2. Let z be k(3). Calculate the greatest common divisor of s and z.
16
Let r be ((-10)/(-15) - 4)*(-36)/20. Let t = -20 + 26. Suppose -3*m = -2*m - t. Calculate the greatest common divisor of r and m.
6
Let v(k) = 2018*k + 828. Let d be v(2). Calculate the greatest common factor of d and 64.
64
Let d(a) = -2*a**2 + 9*a + 875. Let k be d(0). Suppose -1280 = -3*y + 2*r, 0*r = 2*y + 3*r - k. Calculate the highest common factor of 10 and y.
10
Suppose 2*o + 4*j = 1894, 0*o + 1888 = 2*o + j. What is the greatest common factor of o and 287?
41
Let b be 34/4 - -4*(-5)/40. Suppose b*f + 504 = 10*f. Calculate the greatest common divisor of f and 36.
36
Suppose 0 = 2*y + 5*b + 19, 4*y + 4*b = 2*b + 2. Let v = 2238 + -3592. Let j = v + 1387. What is the greatest common divisor of y and j?
3
Let b be 394*20 - (-6 + (-144)/(-12)). What is the greatest common factor of b and 62?
62
Let n(h) = -4*h**3 + 3*h**2 - 4*h - 6. Let b be n(-1). Suppose -23*r - 285 = -26*r - 3*y, 0 = b*r + y - 471. What is the highest common factor of 141 and r?
47
Let j be 467868/342 + 98/(-2793). What is the highest common divisor of j and 8968?
152
Suppose 6114 = 6*r + 2*r - 17862. What is the greatest common factor of 148 and r?
37
Suppose -2*m = -3*m - 2. Let k(r) = -90*r - 14*r - 37*r + 88*r + 4 - 64*r. Let c be k(m). Calculate the highest common divisor of c and 34.
34
Suppose 2*i - 6*i - 561 = -15*i. Suppose 0*x + x - j - 287 = 0, 0 = 5*x - 2*j - 1441. Calculate the highest common divisor of x and i.
17
Let r be (-4)/(-10) + (-56832)/(-1920). Calculate the highest common divisor of r and 4755.
15
Let u(s) = s**2 + 9*s + 16. Let o be u(-6). Let a be (16/(-48))/((-1)/51) - o. Suppose -310 = -13*f + 431. What is the highest common factor of a and f?
19
Let r be (44 - 2)/(8/138*(-1881)/(-836)). Suppose -138 = 3*v - 6*v. What is the highest common factor of r and v?
46
Let n be (-10)/(-25) + 16/10. Suppose -n*t = 3*i + 39 + 28, -3*i - 73 = 5*t. Let s = -5 - i. Calculate the highest common factor of 24 and s.
8
Suppose 0 = 3*u - 4*y - 26366, 3*y = 3*u + 2*y - 26387. What is the greatest common factor of u and 166?
166
Let c be (-2)/(-8) + 1078/8. Suppose c - 645 = -5*w. Suppose -3*m + 510 = w. Calculate the greatest common divisor of m and 17.
17
Let a(x) = 7*x**2 + 53*x + 16. Let n be a(-29). What is the highest common factor of n and 59?
59
Let g(p) = 2*p**3 - 105*p**2 + 128*p - 334. Let r be g(52). What is the highest common factor of 268 and r?
134
Let s = 117 - 113. Suppose 0 = -0*f - s*f + 112. Let c(l) = -l**2 + 8*l + 4. Let y be c(8). Calculate the greatest common divisor of f and y.
4
Let t(z) = -z**3 - 82*z**2 - 8*z + 208. Let m be t(-82). What is the highest common divisor of m and 54?
54
Let j(d) = d**2 + 35*d - 261. Let o be j(-42). Suppose -5*n - 80 = 30. Let b = n + o. What is the greatest common factor of b and 121?
11
Suppose -12*i - 117 = 267. Let s = 63 + i. Let v = s + 5. What is the highest common factor of v and 27?
9
Let j = -429 + 399. Let h = 4 + 0. Let g be 3*h*(-65)/j. Calculate the highest common factor of 26 and g.
26
Let y = -7235 + 10943. Calculate the greatest common factor of y and 103.
103
Suppose 0*s = 37*s - 1184. Suppose 26*c + 72 = s*c. Calculate the greatest common factor of 540 and c.
12
Suppose 165 = 5*j + 5*r, -66 = -2*j + 19*r - 15*r. Suppose -4*m - 2*m = -594. Calculate the highest common factor of m and j.
33
Let v(h) = h**2 - 30*h + 155. Let d be (-14)/(-56) + (-206)/(-8). Let l be v(d). What is the highest common factor of l and 663?
51
Suppose -4*c - r = -30444, 5*c + 12*r - 38070 = 7*r. Calculate the greatest common factor of 10 and c.
10
Suppose -8 = -13*t + 31. Let r be 2/t*((-40)/(-8) + 43). Calculate the greatest common divisor of 20 and r.
4
Let j be (2/(-3))/(2/3). Let d be (j/(-3))/(3/(-18)*-1). Let g be (6 - 4) + d + 2. What is the greatest common factor of 2 and g?
2
Suppose 0 = -2*d - 5*r + 5, -d - 41 = -6*d - 3*r. Suppose 0 = -8*c + 6*c + 1918. Suppose -9*n + c = 329. What is the greatest common factor of n and d?
10
Suppose 4*p + 5*f = -31 + 34, 4*f + 14 = 5*p. What is the highest common factor of p and 61?
1
Suppose -307089 + 29977 = -67*f. What is the highest common divisor of 88 and f?
88
Supp